y + 15, p + y + 5 = 0. Let z = p - 0. Determine d(z).
4
Let s(c) = 5*c + 8. Let r(t) = -11*t - 16. Let y(v) = 6*r(v) + 13*s(v). Calculate y(7).
1
Let t(d) = -d**2 + 16. Let s = 93 - 93. Give t(s).
16
Let l(m) = m + 5. Let n(h) = -6. Let b(r) = 4*l(r) + 3*n(r). Suppose -6*i + i - 3*a - 16 = 0, 3*i = -5*a - 16. Calculate b(i).
-6
Let g(t) = 1 + 3*t + 8*t**2 - 2*t**2 - t + 4*t**3 - 4*t**2. Calculate g(-1).
-3
Let p(i) = -5*i**2 - 3*i - 6. Let f = -43 + 70. Let h be (f/6)/(3/(-4)). Let m(z) = 6*z**2 + 4*z + 7. Let c(x) = h*m(x) - 7*p(x). Give c(-4).
-4
Let q(h) = 2*h**3 + 3*h**2 - 5*h + 3. Let x be q(1). Let m(g) = -3*g**2 + 2. Calculate m(x).
-25
Let c be 17 + (-1)/(-5 - -4). Suppose -4*d - i - c = 4*i, -d = i + 4. Let v(y) = 3*y - 2*y + 4*y + 3. What is v(d)?
-7
Let c(d) = d + 15. Let n be c(-9). Let y(q) = 5*q**2 + 5. Let a(z) = -6*z**2 + z - 6. Let u(x) = 6*a(x) + 7*y(x). What is u(n)?
-1
Let x(w) = -w**2. Let p(h) = 6*h - 6. Let q(m) = p(m) + x(m). Suppose -4*j + 25 = j. Let c be (j/(-15))/((-2)/24). What is q(c)?
2
Let m(o) = o**2 - 4*o - 7. Let c be 10/(-25) + 2 + (-51)/(-15). Determine m(c).
-2
Let m(w) be the first derivative of -w**3/3 - 3*w**2 - 2*w - 4. Let b be -5*(-2)/10*6. Let p(t) = t**2 - 7*t + 2. Let n be p(b). Determine m(n).
6
Let h(s) = 2*s. Let r(q) = q**3 - 3*q**2 + 2. Let i be r(2). What is h(i)?
-4
Let v be 31/11 - 4/(-22). Let r = -1 + 3. Let h(n) = 1 - 7 + n + r. Determine h(v).
-1
Let d(g) = 2*g**3 + 3*g**2 + 2*g - 1. Suppose -3 + 17 = -7*x. Determine d(x).
-9
Suppose 4*c - 3*v - v = -4, 4 = 2*c - 5*v. Let m(t) be the third derivative of 1/12*t**5 + 1/120*t**6 + 1/12*t**4 - 1/3*t**3 + 0 - 4*t**2 + 0*t. Calculate m(c).
10
Let a(l) be the third derivative of l**5/30 - l**4/12 + l**3/6 - l**2. Let m be (-17 - -1)/(-1 - 1). Suppose 0 = 4*s - 5*t - m, -4 = -4*s + t + 4. Give a(s).
5
Suppose 12*y = 16*y - 24. Let o(m) = m - 10. Calculate o(y).
-4
Let w(c) = 32 - c**3 - 5*c**2 - 2*c**2 - 6*c - 31. What is w(-5)?
-19
Let u be (3 - 5 - -12) + -4. Let x(w) = w**2 - 8*w + 6. Give x(u).
-6
Suppose 0 = -c + h - 2, c = 5*c - h - 4. Let u(x) = 0*x + 1 - 3*x**c + 2*x**3 - 2*x + 5*x**2. What is u(1)?
3
Let v be 4/6*(-21)/(-2). Let p(w) = 2*w + 4 - v*w + 2*w. Calculate p(4).
-8
Let i(v) = -v**3 - 4*v**2 - 4*v - 1. Let q be i(-3). Suppose -1 = -5*y + r, 4*r = -3*y - 0*r - 4. Let f(l) = l**3 + 4 - 2 - l**2 + y*l**2. Calculate f(q).
6
Let c(r) = -r**2 + 4*r - 4. Let m be (60/(-16))/(3/(-8)). Suppose 3*s + b - m = 3, -5*s + 25 = 5*b. Give c(s).
-4
Suppose -2*p - 4*i - 2 = 0, i = -3*p - 2*i + 3. Let a(w) = -w + 2 + 5 - 3. Determine a(p).
1
Let p(v) = 4*v**3 + 3*v**2 - 3*v + 3. Let y(h) = 5*h**3 + 4*h**2 - 4*h + 4. Let d(l) = 3*p(l) - 2*y(l). What is d(1)?
3
Let g = 19 - 17. Let s(k) = -k**2 + k + 2. Calculate s(g).
0
Suppose -8*w + 6 = -5*w. Let z(u) = -u**2 + u - 1. Determine z(w).
-3
Let t = 33 - 32. Let w(h) be the third derivative of 0 - h**2 + 0*h**4 + 0*h + 0*h**3 + 1/15*h**5. Determine w(t).
4
Let y(m) = m**3 - 3*m**2 - 5*m - 2. Let h = 14 + -10. Let v = h - 0. Give y(v).
-6
Let g(j) = 3*j**2 - j. Let c be g(1). Suppose -c*w + 0*w + 6 = 0. Suppose 0 = -5*l + 5, -w*i - 4*l + 24 = 2*i. Let k(m) = -m - 2. Calculate k(i).
-6
Let x(z) = z + 4*z**2 - 5*z**2 - 6 + 2*z**2 - 1. Calculate x(5).
23
Let s(y) = y**3 - 5*y**2 + 5*y - 1. Let n = -11 + 6. Let r be -1 - n - 0/(-1). What is s(r)?
3
Let l(w) = -w**3 - w**2 + 5*w + 2. Let u = 9 - 6. Let a = u - 3. Suppose 3 = -p - a. Determine l(p).
5
Let b = -14 + 8. Let h(c) = 737 - 370 + 2*c - 363. Give h(b).
-8
Let w = 16 - 7. Let g = -5 + w. Let i(p) = -p**3 + 3 + 1 - 3*p + 4*p**2 + p. Give i(g).
-4
Let b(j) = j**3 - j**2 - 3*j - 2. Let u(c) = -c**2 + 15*c + 32. Let k be u(17). Give b(k).
-8
Let h = -12 - -26. Suppose -3*t = -5*q + h, -2 - 2 = -2*t. Let z(o) = -2*o + 5. Calculate z(q).
-3
Let v(b) = b**2 - 11*b + 6. Let q(o) = o**2 - 10*o + 5. Let a(p) = -3*q(p) + 2*v(p). Give a(6).
9
Let t(a) be the second derivative of -a**7/840 - a**6/180 + a**4/12 - 3*a**3/2 + 8*a. Let f(i) be the second derivative of t(i). Calculate f(-2).
2
Let y(o) = o**3 + o**2 - o - 1. Let r = -22 - -17. Let s(i) = -4*i**3 + i**2 + 11*i + 9. Let c(f) = r*y(f) - s(f). Give c(-4).
-12
Let g(h) = -24 - 24 - 4*h**2 + 49. Give g(1).
-3
Let s(f) = f**2 - 5*f + 5. Let c(w) = -w**2 + 5*w - 6. Let z(r) = -6*c(r) - 7*s(r). Suppose -h + 3*d + 9 = 2*h, h = -2*d. Suppose 5*q = h*q + 15. What is z(q)?
1
Let f(a) be the third derivative of -3*a**4/8 + a**3/6 + 2*a**2. What is f(-1)?
10
Let d = 44 - 40. Let k(f) be the first derivative of f**3/3 - 2*f**2 + 2*f - 1. Give k(d).
2
Let f = 60 + -62. Let j(v) = -v**3 - v**2 - 3*v - 3. Give j(f).
7
Let i be (-4)/(-6) - (-1)/3. Let n be (3/3)/(i/(-5)). Let v(u) = u**2 + 5*u. What is v(n)?
0
Suppose 4*h + 3*y = -10 - 2, y + 4 = -4*h. Suppose h = 6*d - d + 15. Let r(l) = -6*l - 3. What is r(d)?
15
Let g(l) = 3*l**3 - 202 + 197 - 8*l + 5*l**2 - 2*l**3. Give g(-6).
7
Let v(s) = -5*s**3 + 32*s**2 + 19*s - 4. Let p(d) = -d**3 + 8*d**2 + 5*d - 1. Let w(f) = 9*p(f) - 2*v(f). Give w(-7).
-1
Let l(d) = 3*d - 2. Let x(i) = -16*i + 9. Let g(y) = -11*l(y) - 2*x(y). Let a = -9 - -14. Give g(a).
-1
Let h = 4 - 4. Suppose -3*w - 12 = 3*v, h*w - 14 = 4*v + 3*w. Let b(f) = -1 + 6*f - 2*f - 5*f. What is b(v)?
1
Let b(o) = -45*o**2 + o + 25*o**2 + 21*o**2 - 1 - 2. Let w = 8 - 6. Suppose 0 = -g + 3*z - 16, -z = -w*g - 14 + 2. Calculate b(g).
9
Suppose -8 + 2 = -2*k. Let j be k/(-6)*(-1 + 3). Let w(t) = -5*t + 1. Let z(d) = -9*d + 2. Let m(g) = -11*w(g) + 6*z(g). Give m(j).
0
Let w(t) = -t**3 + t**3 - 5*t**2 + t**2 - t - t**3. Suppose 0*l + 4*l + 8 = 0. Give w(l).
-6
Let v(s) be the second derivative of -s**4/12 + 2*s**3/3 + 5*s**2/2 - 12*s. Give v(6).
-7
Let a(s) be the first derivative of s**4/4 + 8*s**3/3 + 7*s**2/2 + s - 8. Determine a(-7).
1
Let j(h) be the third derivative of -h**4/12 - 5*h**3/6 - 4*h**2. Let m(u) = -u**3 - 10*u**2 + 11*u - 5. Let i be m(-11). Calculate j(i).
5
Let z(o) = 8*o - 3*o - 2 - 6*o. Determine z(-2).
0
Let t(z) = 4*z**3 - 4*z**2 - z + 10. Let r(o) = 5*o**3 - 5*o**2 - o + 9. Let b(v) = -5*r(v) + 6*t(v). What is b(0)?
15
Let u(t) be the first derivative of 2*t**2 - t + 1. Suppose 4*y = 12 + 4. Suppose -10 = n + y*n. Determine u(n).
-9
Let v(x) = -5*x + 2. Let y(l) = l**2 - 5*l + 4. Let a be y(4). Let h = 2 - a. Suppose -h*i + 0 = -4. Determine v(i).
-8
Suppose 5*m + 5*w - 10 = 0, 2*m + 3*m - 10 = 4*w. Let z be m + (-1 - (-3 + -1)). Let o(j) be the first derivative of -j**3/3 + 3*j**2 - 2*j - 2. What is o(z)?
3
Let l(x) = x + 9. Let n be l(-7). Suppose -n*u + 1 = f - 1, 1 = 3*f + u. Let t(y) = y**3 - y**2 - y. Give t(f).
0
Let p(r) = r + 3 + 3*r - 5*r + 2*r. Calculate p(-3).
0
Let h(o) be the second derivative of o**4/12 + o**3/6 - 9*o**2/2 + 2*o. Let p(k) = k**3 + 6*k**2 + 5*k. Let z be -3 - (-2 + 2 + 2). Let c be p(z). What is h(c)?
-9
Let x(b) be the third derivative of b**8/6720 - b**7/360 + b**6/144 + b**5/20 - b**4/8 + 4*b**2. Let z(n) be the second derivative of x(n). Determine z(6).
0
Let w be (-50)/(-6) + (-8)/24. Let m(n) = -n**2 + 10*n - 11. Let y be m(8). Suppose -c + y*c = w. Let x(u) = 4*u - 3. Determine x(c).
5
Let p(g) = 6*g**3 + 3*g**2 - 3. Let x(u) = 4*u**3 + 2*u**2 - 2. Let l(d) = 5*p(d) - 7*x(d). Determine l(1).
2
Let z(s) = 5*s**3 - 2*s**2 + 2*s - 1. Let b be z(1). Suppose 0*d = b*d - 8. Let r(y) = -d*y + 6*y + 1 + 0. Calculate r(-2).
-7
Suppose h = -25 + 7. Let w be (h/(-15))/((-1)/(-5)). Let z = 4 - w. Let p(r) = r**3 + 3*r**2 - 2*r - 2. Give p(z).
6
Let a(x) = 9*x**2 - x. Let h = 12 - 13. Determine a(h).
10
Let b(v) be the first derivative of v**2/2 + v + 1. Let m(w) = w**3 - w**2 - 2*w - 3. Let t be m(0). Calculate b(t).
-2
Let l(p) = 5*p - 1. Suppose -2*o - 7 - 1 = 0, 5*o = -5*g - 10. Give l(g).
9
Let r(f) = -f**3 + f - 5. Let o(g) = -g - 1. Let q be o(-1). Determine r(q).
-5
Let v(t) be the second derivative of -t**5/20 - 5*t**4/12 + 5*t**3/6 - 2*t**2 - t. Let a = -59 + 53. What is v(a)?
2
Let g be ((-1)/2)/(3/(-18)). Suppose 3*i = -3*r + 6, -11 = g*i - 2*r + 8. Let q(o) = o**3 + 4*o**2 - o - 2. What is q(i)?
10
Let b(p) = p**3 + 4*p**2 - 5*p. Let n = 59 + -29. Let o be ((-6)/(-18))/((-2)/n). Give b(o).
0
Let r(t) = -2*t**3 - 20*t**2 - 4. Let d be r(-10). Let